?
1
Let k(c) = 30*c + 9. Calculate the remainder when k(2) is divided by 18.
15
Let s(n) = -2*n - 10. What is the remainder when 69 is divided by s(-14)?
15
Let r = 4 - 1. Suppose 2*y - 35 = -r*y. What is the remainder when (-10)/4*24/(-5) is divided by y?
5
Let v = -28 - -59. Let x be v*1 + (-4 - -5). Suppose 0 = 4*m - 88 - x. Calculate the remainder when m is divided by 16.
14
Let r = -5 + 5. Suppose 0*v + v - 7 = r. What is the remainder when 20 is divided by v?
6
Let h(t) = -t**3 - 5*t**2 - 4*t + 1. Let q be h(-4). Calculate the remainder when q/(-7) + 254/14 is divided by 10.
8
Suppose 3*q - q + 4*l = -30, 3*q - 2*l + 29 = 0. Let p = q - -15. What is the remainder when p is divided by 3?
1
Suppose 5 = -5*l - 10. Let j be (7/(-3))/(l/90). Suppose 3*i - 42 = 4*w, 3*i + j = 8*i - w. Calculate the remainder when i is divided by 5.
4
Suppose 5 = 4*r + 17. Calculate the remainder when 90 is divided by -23*(r - (-6)/3).
21
Let i = -1 + 2. Let v = i - -7. Calculate the remainder when 18 - (-1 + -1 - -6) is divided by v.
6
Let h(y) = -3*y - 4. Let i be h(-2). Suppose -119 = -5*f - 2*l - i*l, 4*f = -2*l + 94. What is the remainder when f is divided by 12?
11
Let z(d) = -2*d - 1. Let v be z(0). What is the remainder when 2 - 1/(v/98) is divided by 34?
32
Suppose -2*a + 6*d = 3*d, 0 = -a - 4*d + 11. Suppose 8 = a*q - 40. Calculate the remainder when 31 is divided by q.
15
Let o(w) = w + 4. Let j be o(-2). Let a be (-8)/(j/(0 + 2)). Calculate the remainder when 5 is divided by a/(-2) - (0 + 1).
2
Suppose -2*n = -5*k + 64, 0 = -2*k - 2*n + 4*n + 28. Let i(y) = 3*y - 20. What is the remainder when i(18) is divided by k?
10
Let n(x) = x**2 - x - 1. Let u(k) = -2*k**2 - 13*k - 5. Let h(t) = n(t) + u(t). What is the remainder when h(-6) is divided by 22?
20
Let j = -29 + 52. Suppose -2 = -u + 2*n, 3*u + n + 0 - 6 = 0. Suppose 3*q + u*q = 40. What is the remainder when j is divided by q?
7
Let a(b) = 2*b - 8. Let m(c) = -c**3 + 12*c**2 + c - 5. Let f be m(12). Let y be a(f). Suppose x + 2 = y. Calculate the remainder when 11 is divided by x.
3
Suppose 3*b = -u + 31, -3*u - 13 = -b - 6*u. Suppose 2*f - b = -z - 2*f, -5*z = -2*f - 6. Calculate the remainder when 6 is divided by z.
0
Let x = -115 - -167. Calculate the remainder when x is divided by 27.
25
Suppose 3*q - 7 = 4*m, -q - 4*q + 60 = 3*m. Let n = -7 + q. Calculate the remainder when 2 is divided by n.
0
Let h be 28*7*6/4. Suppose -5*i - 4 + h = 0. Calculate the remainder when i is divided by 20.
18
Let v = -57 - -111. What is the remainder when v is divided by -5 + (3 - 0) + 16?
12
Let m = -66 - -91. Calculate the remainder when 117 is divided by m.
17
Let f(z) = z - 2. Suppose -10 = -7*h + 2*h. Let q = h + 0. What is the remainder when q is divided by f(3)?
0
Suppose -114 = -16*s + 10*s. Calculate the remainder when s is divided by 5.
4
Let d(z) = -2*z + 14. Let j = 27 - 11. What is the remainder when d(-8) is divided by j?
14
Suppose 5*i + y = 175, -3*y = -i - 2*y + 35. Suppose -j = 0, -3*h + 5*j = -2*h - i. Calculate the remainder when h is divided by 18.
17
Let a(x) = 36*x - 8. Suppose 0 = -2*m - 2*m + 40. Calculate the remainder when a(1) is divided by m.
8
Suppose 3*n = 2*n. Suppose -k - 4*k - 5 = n, 3*k = u - 35. Suppose 3*r + r = u. Calculate the remainder when 22 is divided by r.
6
Suppose -2 = -2*o + 28. Let t = o - 9. Calculate the remainder when t is divided by 5.
1
Suppose -16 = -g + 3. What is the remainder when 36 is divided by g?
17
Suppose -6*q - 13 + 49 = 0. Calculate the remainder when 14 is divided by q.
2
Let w = -267 + 478. Suppose 3*m - 163 = 4*g, -5*m + m + w = g. Calculate the remainder when m is divided by 14.
11
Suppose 0 = 6*b - b + 5*t - 175, 0 = -4*b + 3*t + 119. Calculate the remainder when b is divided by 12.
8
Suppose 3*m - 24 = 150. Let o = m - 35. What is the remainder when 3 - (1 + 14*-3) is divided by o?
21
Let g = 39 + -58. Let v = -9 - g. Calculate the remainder when v is divided by 6.
4
Suppose -5*i = -3*n - 47, -i - 2*n = -2*i + 15. Suppose -2*q + 15 = 5*c - 25, 0 = 3*q - 3*c - 60. Calculate the remainder when q is divided by i.
6
Let b(t) = -t**3 - t**2 + 3. Let c be b(0). Suppose -c*j = 4*r - 0*r - 44, 2*r = 4*j - 44. What is the remainder when (340/30)/(2/6) is divided by j?
10
Let s(k) = 3*k**2 - k + 1. Let q be s(1). Let h = 9 + q. Suppose z = 4*f - 5, f = 2*z - 3 - 8. What is the remainder when h is divided by z?
5
Suppose -g + 72 = 5*g. What is the remainder when 33 is divided by g?
9
Suppose -17 - 28 = -3*r. Calculate the remainder when r is divided by (-1)/2*64/(-4).
7
Suppose -19 = -5*i + 4*i. Calculate the remainder when 37 is divided by i.
18
Let c(d) = -d**3 - 7*d**2 - 6*d - 7. Let i = -103 + 112. What is the remainder when c(-7) is divided by i?
8
Let b be 7/3 + 2/3. Let l be 10/b - (-3)/(-9). Suppose x - l*x = -26. What is the remainder when 24 is divided by x?
11
Suppose 0 + 1 = d. Calculate the remainder when -17*(0 + -1)*d is divided by 6.
5
Suppose p - 12 = -o, p = 2*p - 5. Suppose o*n = 2*n + 25. Suppose n*a - 93 + 3 = 5*x, -3*a - 5*x = -30. Calculate the remainder when 29 is divided by a.
14
Suppose -5*k + 14 = 2*j, -4*j - 3*k = -2*j - 18. Calculate the remainder when j is divided by 5.
2
Let p = -8 - -20. Suppose 4*h - h - p = 0. Suppose -11 + 3 = -4*s. Calculate the remainder when h is divided by s.
0
Let s = -21 + 38. Calculate the remainder when 65 is divided by s.
14
What is the remainder when (-60)/(3/(-1))*1 is divided by 12?
8
Suppose 3*a - 129 = -a + h, -a + 39 = 2*h. Calculate the remainder when a is divided by 21.
12
Let m(p) = -p**3 - 5*p**2 - p + 6. Let g(l) = -l**2 - 12*l - 5. Let v be g(-12). What is the remainder when 30 is divided by m(v)?
8
Let g = 12 - 9. Suppose 5*a - g = 52. What is the remainder when a is divided by 6?
5
Let n(s) = -s - 3. Let i be n(-7). Suppose -i*x + 4 = -0*c - 4*c, -5 = x - 4*c. Suppose 2*w - x*w = -18. What is the remainder when 69 is divided by w?
15
Suppose 58 = 6*y + 10. Calculate the remainder when y is divided by 5.
3
Let a be 1 - 1 - (-2 + 0). Suppose a*f - 32 = -0*f. Calculate the remainder when f is divided by 6.
4
Let v(x) = x**2 - 7*x - 4. Calculate the remainder when 77 is divided by v(10).
25
Let k(w) = 4*w**3 - 2*w**2 - 6*w - 1. Let l(g) = -g**3 + g**2 + g + 1. Let j(b) = -k(b) - 3*l(b). What is the remainder when j(-3) is divided by 3?
1
Suppose -4*w - 55 + 169 = -t, -4*t = 3*w - 76. Suppose 0 = r + r - w. What is the remainder when 41 is divided by r?
13
Let v(b) = 17*b**2 + 6*b - 5. Calculate the remainder when v(2) is divided by 19.
18
Let j = -145 + 242. Calculate the remainder when j is divided by 25.
22
Suppose 3*l = 23 + 28. What is the remainder when 16 + -13 - (-62 - 0) is divided by l?
14
Let n = -79 - -117. Calculate the remainder when n is divided by 18.
2
Let q be (-55)/(-5) - 1*3. Suppose 3*b - 285 = q*b. Let u = b + 100. Calculate the remainder when u is divided by 15.
13
Suppose 3*y - 4*y = -5. Suppose -y*k = 25, 0*k + k = -z. Let b(h) = h + 4. What is the remainder when b(5) is divided by z?
4
Calculate the remainder when (-3)/(756/(-248) + (2 - -1)) is divided by 9.
8
Let b = 55 - 43. What is the remainder when 58 is divided by b?
10
Suppose -t = 2*k - 17, 4*t = 2*k - 8 - 4. Suppose 4*q + 8 = 3*q - 5*p, -4*p = 0. What is the remainder when (-118)/q - 9/12 is divided by k?
6
Let g(j) = -4*j + 1. Let v be g(-1). Suppose -2*l - 42 = -v*l. Let f = 17 + -9. What is the remainder when l is divided by f?
6
Let p be (-1)/(-4) + 155/4. Suppose -m + 233 = p. Suppose -64 = 5*i - m. Calculate the remainder when i is divided by 9.
8
Let m(g) = g**2 - 7*g + 1. Suppose -b = -2*b + 9. What is the remainder when m(b) is divided by 7?
5
Calculate the remainder when 51 is divided by (-2)/(-7) + (-4320)/(-168).
25
Let a(v) = v**3 - 4*v**2 - v + 7. What is the remainder when 4 is divided by a(4)?
1
What is the remainder when 17 is divided by (-98)/(-10) - 3/(-15)?
7
Suppose -15*x + 24 = -11*x. What is the remainder when 16 is divided by x?
4
Let a(m) = 68*m**3 + m**2. Let z be a(1). Suppose -2*q - z = -3*q. Suppose 5*y - q = -3*c, 3*y = -c + 3*c + 30. Calculate the remainder when 23 is divided by y.
11
Suppose 0 = 2*o - 2*t - 113 + 9, -157 = -3*o + 4*t. Calculate the remainder whe